{"id":1293,"date":"2016-03-01T13:02:42","date_gmt":"2016-03-01T11:02:42","guid":{"rendered":"http:\/\/mmib.math.bas.bg\/?page_id=1293"},"modified":"2020-02-18T14:34:58","modified_gmt":"2020-02-18T12:34:58","slug":"%d0%b1%d0%b8%d0%b1%d0%bb%d0%b8%d0%be%d0%b3%d1%80%d0%b0%d1%84%d0%b8%d1%8f-%d0%bd%d0%b0-%d1%82%d1%80%d1%83%d0%b4%d0%be%d0%b2%d0%b5%d1%82%d0%b5-%d0%bd%d0%b0-%d0%b4%d0%b8%d0%bc%d0%b8%d1%82%d1%8a%d1%80","status":"publish","type":"page","link":"http:\/\/mmib.math.bas.bg\/?page_id=1293","title":{"rendered":"\u0414\u0438\u043c\u0438\u0442\u044a\u0440 \u0422\u0430\u0431\u0430\u043a\u043e\u0432 &#8211; \u0411\u0438\u0431\u043b\u0438\u043e\u0433\u0440\u0430\u0444\u0438\u044f"},"content":{"rendered":"<h1>\u0414\u0418\u041c\u0418\u0422\u042a\u0420 \u0422\u0410\u0411\u0410\u041a\u041e\u0412 (1879-1973)<\/h1>\n<p>[su_row][su_column size=&#8221;1\/4&#8243;]<\/p>\n<p><img loading=\"lazy\" decoding=\"async\" class=\"alignnone wp-image-9682\" src=\"http:\/\/mmib.math.bas.bg\/wp-content\/uploads\/0056-P-Tabakov.jpg\" alt=\"0056-P-Tabakov\" width=\"150\" height=\"180\" srcset=\"http:\/\/mmib.math.bas.bg\/wp-content\/uploads\/0056-P-Tabakov.jpg 591w, http:\/\/mmib.math.bas.bg\/wp-content\/uploads\/0056-P-Tabakov-250x300.jpg 250w\" sizes=\"auto, (max-width: 150px) 100vw, 150px\" \/><\/p>\n<p>[\/su_column] [su_column size=&#8221;3\/4&#8243;]<\/p>\n<p>[su_list icon=&#8221;icon: play&#8221; icon_color=&#8221;#e8531c&#8221;]<\/p>\n<ul>\n<li><a href=\"http:\/\/mmib.math.bas.bg\/?page_id=572\">\u041a\u0440\u0430\u0442\u043a\u0430 \u0441\u043f\u0440\u0430\u0432\u043a\u0430<\/a><\/li>\n<li><a href=\"http:\/\/mmib.math.bas.bg\/?page_id=652\">\u0411\u0438\u043e\u0433\u0440\u0430\u0444\u0438\u044f<\/a><\/li>\n<li>\u0411\u0438\u0431\u043b\u0438\u043e\u0433\u0440\u0430\u0444\u0438\u044f \u043d\u0430 \u0442\u0440\u0443\u0434\u043e\u0432\u0435\u0442\u0435<\/li>\n<li><a href=\"http:\/\/mmib.math.bas.bg\/?page_id=1305\">\u0412\u0441\u0442\u044a\u043f\u0438\u0442\u0435\u043b\u043d\u0430 \u043b\u0435\u043a\u0446\u0438\u044f<\/a><\/li>\n<li><a href=\"http:\/\/mmib.math.bas.bg\/?page_id=1295\">\u0414\u0440\u0443\u0433\u0438\u0442\u0435 \u0437\u0430 \u043d\u0435\u0433\u043e<\/a><\/li>\n<li><a href=\"http:\/\/mmib.math.bas.bg\/?page_id=1315\">\u041b\u0438\u0447\u043d\u0430 \u0433\u0430\u043b\u0435\u0440\u0438\u044f<\/a><\/li>\n<\/ul>\n<p>[\/su_list]<\/p>\n<p>[\/su_column] [\/su_row]<\/p>\n<h2>\u00a0<strong>\u0411\u0418\u0411\u041b\u0418\u041e\u0413\u0420\u0410\u0424\u0418\u042f \u041d\u0410 \u0422\u0420\u0423\u0414\u041e\u0412\u0415 \u041d\u0410 \u0414. \u0422\u0410\u0411\u0410\u041a\u041e\u0412<\/strong><\/h2>\n<p>\u0414\u0438\u043c\u0438\u0442\u044a\u0440 \u0422\u0430\u0431\u0430\u043a\u043e\u0432 \u0435 \u0430\u0432\u0442\u043e\u0440\u044a\u0442 \u043d\u0430 \u043f\u044a\u0440\u0432\u0430\u0442\u0430 \u0431\u044a\u043b\u0433\u0430\u0440\u0441\u043a\u0430 \u0441\u0442\u0430\u0442\u0438\u044f \u043f\u043e \u043c\u0430\u0442\u0435\u043c\u0430\u0442\u0438\u043a\u0430 ([1]) \u043f\u0443\u0431\u043b\u0438\u043a\u0443\u0432\u0430\u043d\u0430 \u0432 \u0447\u0443\u0436\u0431\u0438\u043d\u0430 \u043f\u0440\u0435\u0437 1905 \u0433.<\/p>\n<ol>\n<li>D. Tabakoff. Extrait d\u2019une letter de D.Tabakov (Nancy). L\u2019Enseignement Mathematique, 7 (1905), 311\u2013312.<\/li>\n<li>D. Tabakoff. <a class=\"fancybox-pdf\" href=\"http:\/\/mmib.math.bas.bg\/wp-content\/uploads\/11035a-B-Tabakov_D-1907.pdf\">Quasi\u00b7developpees des sureaces du second ordre<\/a>. Nouvelles annales<br \/>\nmath\u00e9matiques, journal des candidats aux \u00e9coles polytechnique et normale, S\u00e9r. 4, 7 (1907), p. 130 \u2013 133.<\/li>\n<li><a href=\"http:\/\/mmib.math.bas.bg\/wp-content\/uploads\/11035-B-Tabakov-t_1.pdf\">\u0411\u0438\u0431\u043b\u0438\u043e\u0433\u0440\u0430\u0444\u0438\u044f.<\/a> \u0410\u043b\u043c\u0430\u043d\u0430\u0445 \u043d\u0430 \u0421\u0423 \u201e\u0421\u0432. \u041a\u043b\u0438\u043c\u0435\u043d\u0442 \u041e\u0445\u0440\u0438\u0434\u0441\u043a\u0438\u201d. \u0423\u0418 \u201e\u0421\u0432. \u041a\u043b\u0438\u043c\u0435\u043d\u0442 \u041e\u0445\u0440\u0438\u0434\u0441\u043a\u0438\u201d, \u00a0 1988, \u0442\u043e\u043c \u0406, \u0441. 597-598.<\/li>\n<li><a href=\"http:\/\/mmib.math.bas.bg\/wp-content\/uploads\/11036-B-Tabakov-t_3.pdf\">\u0411\u0438\u0431\u043b\u0438\u043e\u0433\u0440\u0430\u0444\u0438\u044f.<\/a> \u0410\u043b\u043c\u0430\u043d\u0430\u0445 \u043d\u0430 \u0421\u0423 \u201e\u0421\u0432. \u041a\u043b\u0438\u043c\u0435\u043d\u0442 \u041e\u0445\u0440\u0438\u0434\u0441\u043a\u0438\u201d. \u0423\u0418\u00a0 \u201e\u0421\u0432. \u041a\u043b\u0438\u043c\u0435\u043d\u0442 \u041e\u0445\u0440\u0438\u0434\u0441\u043a\u0438\u201d, 1988, \u0442\u043e\u043c \u0406II, \u0441. 762-763.<\/li>\n<li>\u0413\u044c\u043e\u043d\u043e\u0432, \u0410\u043b\u0435\u043a\u0441\u0430\u043d\u0434\u044a\u0440. <a href=\"http:\/\/mmib.math.bas.bg\/wp-content\/uploads\/12013-BM059-Dimitar_Tabakov.pdf\" target=\"_blank\" rel=\"noopener noreferrer\">\u041f\u0443\u0431\u043b\u0438\u043a\u0430\u0446\u0438\u0438 \u043d\u0430 \u0414. \u0422\u0430\u0431\u0430\u043a\u043e\u0432<\/a>. \/\/ \u0411\u044a\u043b\u0433\u0430\u0440\u0441\u043a\u0438 \u043c\u0430\u0442\u0435\u043c\u0430\u0442\u0438\u0446\u0438. \u2013 \u0421\u043e\u0444\u0438\u044f : \u041d\u0430\u0440\u043e\u0434\u043d\u0430 \u043f\u0440\u043e\u0441\u0432\u0435\u0442\u0430, 1987, \u0441. 64.<\/li>\n<\/ol>\n<p style=\"text-align: right;\">(\u0421\u044a\u0441\u0442\u0430\u0432\u0438\u043b: \u0420. \u041a\u0430\u043b\u0442\u0438\u043d\u0441\u043a\u0430)<\/p>\n<p>&nbsp;<\/p>\n","protected":false},"excerpt":{"rendered":"<p>\u0414\u0418\u041c\u0418\u0422\u042a\u0420 \u0422\u0410\u0411\u0410\u041a\u041e\u0412 (1879-1973) [su_row][su_column size=&#8221;1\/4&#8243;] [\/su_column] [su_column size=&#8221;3\/4&#8243;] [su_list icon=&#8221;icon: play&#8221; icon_color=&#8221;#e8531c&#8221;] \u041a\u0440\u0430\u0442\u043a\u0430 \u0441\u043f\u0440\u0430\u0432\u043a\u0430 \u0411\u0438\u043e\u0433\u0440\u0430\u0444\u0438\u044f \u0411\u0438\u0431\u043b\u0438\u043e\u0433\u0440\u0430\u0444\u0438\u044f \u043d\u0430 \u0442\u0440\u0443\u0434\u043e\u0432\u0435\u0442\u0435 \u0412\u0441\u0442\u044a\u043f\u0438\u0442\u0435\u043b\u043d\u0430 \u043b\u0435\u043a\u0446\u0438\u044f \u0414\u0440\u0443\u0433\u0438\u0442\u0435 \u0437\u0430 \u043d\u0435\u0433\u043e \u041b\u0438\u0447\u043d\u0430 \u0433\u0430\u043b\u0435\u0440\u0438\u044f [\/su_list] [\/su_column] [\/su_row] \u00a0\u0411\u0418\u0411\u041b\u0418\u041e\u0413\u0420\u0410\u0424\u0418\u042f \u041d\u0410 \u0422\u0420\u0423\u0414\u041e\u0412\u0415 \u041d\u0410 \u0414. \u0422\u0410\u0411\u0410\u041a\u041e\u0412 \u0414\u0438\u043c\u0438\u0442\u044a\u0440 \u0422\u0430\u0431\u0430\u043a\u043e\u0432 \u0435 \u0430\u0432\u0442\u043e\u0440\u044a\u0442 \u043d\u0430 \u043f\u044a\u0440\u0432\u0430\u0442\u0430 \u0431\u044a\u043b\u0433\u0430\u0440\u0441\u043a\u0430 \u0441\u0442\u0430\u0442\u0438\u044f \u043f\u043e \u043c\u0430\u0442\u0435\u043c\u0430\u0442\u0438\u043a\u0430 ([1]) \u043f\u0443\u0431\u043b\u0438\u043a\u0443\u0432\u0430\u043d\u0430 \u0432 \u0447\u0443\u0436\u0431\u0438\u043d\u0430 \u043f\u0440\u0435\u0437 1905 \u0433. D. Tabakoff. Extrait d\u2019une [&hellip;]<\/p>\n","protected":false},"author":2,"featured_media":0,"parent":572,"menu_order":0,"comment_status":"closed","ping_status":"closed","template":"","meta":{"footnotes":""},"class_list":["post-1293","page","type-page","status-publish","hentry"],"_links":{"self":[{"href":"http:\/\/mmib.math.bas.bg\/index.php?rest_route=\/wp\/v2\/pages\/1293","targetHints":{"allow":["GET"]}}],"collection":[{"href":"http:\/\/mmib.math.bas.bg\/index.php?rest_route=\/wp\/v2\/pages"}],"about":[{"href":"http:\/\/mmib.math.bas.bg\/index.php?rest_route=\/wp\/v2\/types\/page"}],"author":[{"embeddable":true,"href":"http:\/\/mmib.math.bas.bg\/index.php?rest_route=\/wp\/v2\/users\/2"}],"replies":[{"embeddable":true,"href":"http:\/\/mmib.math.bas.bg\/index.php?rest_route=%2Fwp%2Fv2%2Fcomments&post=1293"}],"version-history":[{"count":5,"href":"http:\/\/mmib.math.bas.bg\/index.php?rest_route=\/wp\/v2\/pages\/1293\/revisions"}],"predecessor-version":[{"id":25413,"href":"http:\/\/mmib.math.bas.bg\/index.php?rest_route=\/wp\/v2\/pages\/1293\/revisions\/25413"}],"up":[{"embeddable":true,"href":"http:\/\/mmib.math.bas.bg\/index.php?rest_route=\/wp\/v2\/pages\/572"}],"wp:attachment":[{"href":"http:\/\/mmib.math.bas.bg\/index.php?rest_route=%2Fwp%2Fv2%2Fmedia&parent=1293"}],"curies":[{"name":"wp","href":"https:\/\/api.w.org\/{rel}","templated":true}]}}